ded by m?
12
Suppose -18*x + 767 = 281. Calculate the remainder when 47 is divided by x.
20
Let y(x) = -288*x - 585. What is the remainder when y(-5) is divided by 26?
23
What is the remainder when 520/168 - (57/(-63) - -1) is divided by 2?
1
Suppose 4*c - w + 2*w = 128, -2*c = 4*w - 78. Let t = 70 - 59. Suppose -t*i + 9*i + 32 = 0. What is the remainder when c is divided by i?
15
Suppose l - 5*l = 736. Let x = l - -262. Calculate the remainder when x is divided by 2508/(-1045)*75/(-9).
18
Let r(w) = 75*w - 7. Let b be r(1). Let x = b + -47. What is the remainder when x is divided by 9?
3
Let a(c) = -3*c**3 - c**2 + c + 3. Let s be a(-3). Suppose 3*k = 7*k - s. Let p(l) = -3*l**3 + 3*l**2 - 2. What is the remainder when p(-3) is divided by k?
16
Let m(o) = o**3 + 5*o**2 - 5*o - 3. Let l(i) = -i**3 - 10*i**2 + 9*i - 10. What is the remainder when m(-4) is divided by l(-11)?
9
Let t(l) = 2*l**3 - 2*l**2 - 3. Suppose 0 = 5*m - 28 - 62. Calculate the remainder when m is divided by t(2).
3
Suppose 0 = 5*c - 0*c - 110. Suppose -a - 3*s - 20 = -2*a, -4*a - s + 28 = 0. Calculate the remainder when c is divided by a.
6
Let c = -6 - -36. Let b(r) = 3*r**2 - 17*r - 29. Let q(y) = 2*y**2 - 11*y - 19. Let k(m) = -5*b(m) + 8*q(m). What is the remainder when c is divided by k(6)?
8
Let y = 611 + -608. Suppose -2*f - 6 = -22. What is the remainder when f is divided by y?
2
Let m(c) = 3*c - 1. Let z(a) be the first derivative of a**2/2 - 6*a + 9. Calculate the remainder when m(1) is divided by z(8).
0
Let v(p) = -p + 8. Let a = -257 - -282. What is the remainder when a is divided by v(-6)?
11
Let r(p) = p**2 - 10. Let a be r(-3). Calculate the remainder when 80 is divided by a*10/(-3)*(-126)/(-15).
24
Let o = -2615 + 3882. What is the remainder when o is divided by 127?
124
Let h(u) = -u**3 + 10*u**2 - 9*u - 6. Let q be h(6). Suppose -8*k + q = -6*k. What is the remainder when k is divided by 12?
6
What is the remainder when (2 - (-415)/20) + 20/16 is divided by 15?
9
Let f(s) = s**2 - 4*s - 13. Let k be 10 - ((-3)/3)/(-1). Let m = -25 + 42. Calculate the remainder when f(k) is divided by m.
15
Suppose 4*l - 7*l - 3*s = -48, 2*l - 5*s = -3. Calculate the remainder when (-250)/(-20)*72/30 is divided by l.
8
Let d be -1 + 3 + 5 + 0. Suppose 0 = -d*r + 2*r + 325. Calculate the remainder when r is divided by 22.
21
Let n(z) = -8*z**3 + 5*z**2 + 7*z - 2. What is the remainder when 130 is divided by n(-2)?
62
Let l = 11 - 6. Suppose 20 = -l*o, -23 - 4 = -m + o. Calculate the remainder when m is divided by 13.
10
Let d(j) = -j**3 - j**2 - j + 25. Suppose -3*f - 3*i = -6*f + 45, 3*i + 73 = 5*f. What is the remainder when d(0) is divided by f?
11
Let p = -168 - -624. Calculate the remainder when p is divided by 51.
48
Suppose 1344 = 2930*t - 2906*t. Let z(n) = -2*n - 1. Let u be z(2). Let a(o) = -o**2 - 12*o - 6. What is the remainder when t is divided by a(u)?
27
Let o = -125 - -358. Calculate the remainder when o is divided by 47.
45
Let t(u) = -3*u - 3. Let i be t(0). Let o(x) = -x - 1. Let a be o(i). What is the remainder when (17 - 16)/(a/74) is divided by 10?
7
Let h(s) = -s**3 + 13*s**2 + 2*s - 26. Let x be h(13). Suppose x = -8*a + 6*a + 82. Calculate the remainder when a is divided by 24.
17
Suppose -4*j = -5*i + 101, 3*j - 77 = -5*i + j. Let f = i - 13. What is the remainder when (f/3)/((-26)/(-585)) is divided by 16?
14
Suppose -3*y + 16*z - 19*z + 48 = 0, -3*y + 3*z = -18. What is the remainder when 12 is divided by y?
1
Suppose 23 = 3*t - 97. Suppose -n + 6 + t = -3*x, 28 = n + 3*x. What is the remainder when n is divided by 19?
18
Let x = 778 - 637. Calculate the remainder when 1550 is divided by x.
140
Let v = 39 - 39. Suppose -3*z + 124 + 110 = v. What is the remainder when z is divided by 20?
18
Suppose 2*n + 2 = 0, -5*p + 4*n = -20 + 1. Let j be p*(2 + -1)*2. Suppose -5*s - j = -21. What is the remainder when 12 is divided by s?
0
Let o(z) = -2*z**3 - 60*z**2 - 169*z - 17. What is the remainder when o(-27) is divided by 44?
40
Let i(s) = s**3 + 6*s**2 + 6. Let u be i(-6). Suppose 4*j = 4, -f + 2*j + u = -3. Calculate the remainder when 40 is divided by f.
7
Suppose 5*z - 13*z = -432. Suppose -3*h + 76 = 19. What is the remainder when z is divided by h?
16
Suppose 3*c - 73 = -i + 51, -2*c = 2*i - 88. Calculate the remainder when 205 + (-1)/1 + 1 + -6 is divided by c.
39
Let f(s) = 14*s**3 + s**3 - 2*s**2 - 3*s**2 + 4*s**2. Calculate the remainder when 33/22*92/2 is divided by f(1).
13
Let j = -223 + 269. What is the remainder when 273 is divided by j?
43
Let l(n) = -n**3 + 4*n**2 + 2*n + 11. Let k be l(5). Let b(g) = -2*g**3 - 3*g**2 - g - 6. What is the remainder when b(k) is divided by 20?
18
Let s = -5 - -7. Suppose q - 4*n = 0, -28 = -s*q + 4*n - 3*n. Suppose -5*a + 38 = z - 10*a, -a = -2*z + 121. What is the remainder when z is divided by q?
15
Suppose -3*a + 361 = 5*g, -4*a + 4*g = -0*a - 460. What is the remainder when a is divided by 30?
27
Suppose 5*k - 2*i - 18 = 0, -3*k + k + 4*i + 4 = 0. Suppose -5*y = k*h - 3*h - 35, 0 = -3*y - 9. What is the remainder when h is divided by 13?
11
Suppose -j = 3*d, -5*j - d = -40 - 30. Suppose -11 = n - 5*f - 63, 0 = 2*f + 10. What is the remainder when n is divided by j?
12
Let q(w) = 3*w + 7. Calculate the remainder when 659 is divided by q(2).
9
Suppose 0 = -3*f + 5*a - 193, -a - 131 = 2*f + 15. Let u = f + 83. Calculate the remainder when 43 is divided by u.
7
Let b(w) = w**3 + 11*w**2 - 27*w - 41. Calculate the remainder when b(-12) is divided by 33.
7
Suppose 0 = 5*k - 15, -4*y + 8*k - 3*k = -1. Suppose -4*w = -2*m - 20, -2*m = 3*w + m + 3. What is the remainder when y is divided by w?
1
Let z(u) = u**2 + u - 85. What is the remainder when 34 is divided by z(9)?
4
Let m be 4/10 + 299/65. Let q(r) = 4*r - 6. Let j be q(m). What is the remainder when 80 is divided by (0 - -6)*j/4?
17
Let r(d) = -11*d - 1. Suppose 0 = 3*k + 2*v + 2 - 4, 0 = -2*v + 8. Let o(s) = -10*s**3 - s - 1. Calculate the remainder when o(k) is divided by r(-2).
18
Let p be ((-44)/(-6))/(6/9). Let f = p - 13. Let h = 5 - f. Calculate the remainder when 25 is divided by h.
4
Suppose 675 - 176 = 2*q + 5*y, q - 4*y = 256. Calculate the remainder when q is divided by 10.
2
Let h(k) = -k**3 + 7*k**2 + 13*k + 6. Let j = 53 - 29. Calculate the remainder when h(8) is divided by j.
22
Suppose 30 = 3*y - 3*i, -3 = -3*y - 2*i + 2. Suppose 2*n = 5*n - 57. Suppose 9*q - 46 = -n. What is the remainder when y is divided by q?
2
Let v(h) = 18*h + 495. Calculate the remainder when v(-13) is divided by 33.
30
Suppose 3*x + z + 21 = 5*z, 0 = -2*x + 5*z - 7. Let t = 47 + -69. Let f = x - t. Calculate the remainder when 41 is divided by f.
8
Let b be 2/6*(17 + -428). Let t = -84 - b. What is the remainder when 210 is divided by t?
51
What is the remainder when 2223/36*3*(-40)/(-15) is divided by 62?
60
What is the remainder when 41 is divided by (-19)/(-2)*((-4)/2 - -4)?
3
Suppose 0 = -q + 7 + 3. Let t(f) = 5*f - 7. Calculate the remainder when 125 is divided by t(q).
39
Let r(t) = -t**3 + 7*t**2 + 8*t - 20. What is the remainder when r(7) is divided by 34?
2
Let u be (-2)/8 - (-12392)/32. Let j = u - 252. What is the remainder when j is divided by 34?
33
Suppose 0 = -133*z + 131*z - 8. Suppose 56 = 6*x - 2*x. Calculate the remainder when x is divided by (-4)/(16/(-12))*z/(-3).
2
Let o be (-2)/9 - (-4420)/45. Calculate the remainder when o/4*(3 - 1) is divided by 5 - 6/(18/(-15)).
9
Suppose 0 = 13*l - 9*l + 376. Let t(u) = 31*u - 1. What is the remainder when t(2) is divided by l/(-6) - 7/(-21)?
13
Suppose 0*t - 2*t + 8 = z, 8 = 4*z. Suppose 2*u - 176 = -5*v, u + 8*v = t*v + 93. Calculate the remainder when u is divided by 43.
40
Let j be (-54)/(-10) - (-2)/(-5). Suppose -77 = 5*m - 537. Suppose -j*l = -l - m. What is the remainder when l is divided by 12?
11
Suppose 0 = -8*f + 4*f - 24. Let i = -12 - f. What is the remainder when (-1)/((i/(-58))/(-3)) is divided by 10?
9
Let t = -786 + 810. Calculate the remainder when 90 is divided by t.
18
Suppose 161 = 5*o + 4*r, -10*o - 4*r - 13 = -11*o. Calculate the remainder when 173 is divided by o.
28
Calculate the remainder when 123 is divided by (5*1)/((-15)/(-18)).
3
Let f(u) = u**3 + 13*u**2 - 3*u - 8.